{"id":5,"date":"2022-08-30T14:51:02","date_gmt":"2022-08-30T12:51:02","guid":{"rendered":"http:\/\/www.pizzeriapresto.opole.pl\/?page_id=5"},"modified":"2022-09-20T13:41:57","modified_gmt":"2022-09-20T11:41:57","slug":"strona-glowna","status":"publish","type":"page","link":"https:\/\/www.pizzeriapresto.opole.pl\/","title":{"rendered":"Strona g\u0142\u00f3wna"},"content":{"rendered":"<div class=\"wp-block-cover alignfull has-parallax animated fadeIn fast\" style=\"padding-top:50px;background-image:url(http:\/\/www.pizzeriapresto.opole.pl\/wp-content\/uploads\/2022\/08\/hero_bg.jpg);min-height:100vh;aspect-ratio:unset;\"><span aria-hidden=\"true\" class=\"wp-block-cover__background has-ast-global-color-8-background-color has-background-dim-80 has-background-dim\"><\/span><div class=\"wp-block-cover__inner-container is-layout-flow wp-block-cover-is-layout-flow\"><div class=\"inherit-container-width wp-block-group animated fadeIn delay-100ms fast is-layout-constrained wp-block-group-is-layout-constrained\"><div class=\"inherit-container-width wp-block-group is-layout-constrained wp-container-core-group-is-layout-63b382b2 wp-block-group-is-layout-constrained\" style=\"padding-top:30px;padding-right:30px;padding-bottom:30px;padding-left:30px\"><figure class=\"wp-block-image aligncenter size-large\"><img decoding=\"async\" src=\"http:\/\/www.pizzeriapresto.opole.pl\/wp-content\/uploads\/2022\/08\/frill-free-img.png\" alt=\"\" class=\"wp-image-4\"\/><\/figure><\/div><\/div>\n\n<div class=\"inherit-container-width wp-block-group is-layout-constrained wp-container-core-group-is-layout-111b2e00 wp-block-group-is-layout-constrained\"><h1 class=\"has-text-align-center has-text-color wp-block-heading\" style=\"color:#ffffff;font-size:74px;line-height:1\">Witamy w Pizzerii Presto<\/h1>\n\n<div style=\"height:35px\" aria-hidden=\"true\" class=\"wp-block-spacer\"><\/div>\n\n<p class=\"has-text-align-center has-white-color has-text-color\" style=\"font-size:24px;font-style:italic;font-weight:400\">Zg\u0142odnia\u0142e\u015b i masz ochot\u0119 na co\u015b pysznego?<\/p>\n\n<div class=\"wp-block-buttons animated fadeIn delay-200ms slower is-content-justification-center is-layout-flex wp-container-core-buttons-is-layout-72caf8c6 wp-block-buttons-is-layout-flex\"><div class=\"wp-block-button aligncenter\"><a class=\"wp-block-button__link\" href=\"http:\/\/www.pizzeriapresto.opole.pl\/index.php\/menu\/\">Zam\u00f3w online<\/a><\/div><\/div><\/div><\/div><\/div><div class=\"wp-block-cover alignfull\" style=\"padding-top:80px\"><span aria-hidden=\"true\" class=\"wp-block-cover__background has-ast-global-color-5-background-color has-background-dim-80 has-background-dim\"><\/span><img decoding=\"async\" class=\"wp-block-cover__image-background wp-image-18\" alt=\"\" src=\"http:\/\/www.pizzeriapresto.opole.pl\/wp-content\/uploads\/2022\/08\/pic28-free-img.jpg\" data-object-fit=\"cover\"\/><div class=\"wp-block-cover__inner-container is-layout-flow wp-block-cover-is-layout-flow\"><div class=\"wp-block-columns alignwide is-layout-flex wp-container-core-columns-is-layout-28f84493 wp-block-columns-is-layout-flex\"><div class=\"wp-block-column is-vertically-aligned-center is-layout-flow wp-block-column-is-layout-flow\"><h2 class=\"has-text-align-center has-ast-global-color-0-color has-text-color wp-block-heading\" style=\"font-size:52px\">Nasza oferta<\/h2>\n\n<div class=\"inherit-container-width wp-block-group is-layout-constrained wp-container-core-group-is-layout-111b2e00 wp-block-group-is-layout-constrained\"><p class=\"has-text-align-center has-ast-global-color-3-color has-text-color\">W naszej ofercie znajd\u0105 Pa\u0144stwo wiele rozmaitych da\u0144, w\u015br\u00f3d kt\u00f3rych ka\u017cdy smakosz znajdzie co\u015b dla siebie. <\/p>\n\n<p class=\"has-text-align-center has-ast-global-color-3-color has-text-color\">Proponujemy Pa\u0144stwu pizze, makarony, nale\u015bniki, sa\u0142atki, gyros podawany w wielu formach, grzanki, czy te\u017c co\u015b na s\u0142odko. Potrawy te przygotowywane s\u0105 z pe\u0142n\u0105 pasj\u0105 oraz najwy\u017csz\u0105 dba\u0142o\u015bci\u0105 o ka\u017cdy szczeg\u00f3\u0142. <em><br><\/em><\/p><\/div>\n\n<div class=\"wp-block-buttons is-content-justification-center is-layout-flex wp-container-core-buttons-is-layout-749adb30 wp-block-buttons-is-layout-flex\"><div class=\"wp-block-button\"><a class=\"wp-block-button__link has-ast-global-color-5-color has-text-color\" href=\"http:\/\/www.pizzeriapresto.opole.pl\/index.php\/menu\/\">Spr\u00f3buj naszych potraw<\/a><\/div><\/div><\/div>\n\n<div class=\"wp-block-column is-vertically-aligned-top is-layout-flow wp-block-column-is-layout-flow\"><div class=\"wp-block-cover alignfull is-light\" style=\"min-height:500px;aspect-ratio:unset;\"><span aria-hidden=\"true\" class=\"wp-block-cover__background has-background-dim\"><\/span><img loading=\"lazy\" decoding=\"async\" width=\"380\" height=\"500\" class=\"wp-block-cover__image-background wp-image-214\" alt=\"\" src=\"http:\/\/www.pizzeriapresto.opole.pl\/wp-content\/uploads\/2022\/08\/presto-pizza2.png\" data-object-fit=\"cover\" srcset=\"https:\/\/www.pizzeriapresto.opole.pl\/wp-content\/uploads\/2022\/08\/presto-pizza2.png 380w, https:\/\/www.pizzeriapresto.opole.pl\/wp-content\/uploads\/2022\/08\/presto-pizza2-228x300.png 228w\" sizes=\"auto, (max-width: 380px) 100vw, 380px\" \/><div class=\"wp-block-cover__inner-container is-layout-flow wp-block-cover-is-layout-flow\"><p class=\"has-text-align-center has-large-font-size\"><\/p><\/div><\/div><\/div>\n\n<div class=\"wp-block-column is-vertically-aligned-top is-layout-flow wp-block-column-is-layout-flow\"><div class=\"wp-block-cover alignfull has-custom-content-position is-position-center-left\" style=\"min-height:500px;aspect-ratio:unset;\"><span aria-hidden=\"true\" class=\"wp-block-cover__background has-ast-global-color-8-background-color has-background-dim-70 has-background-dim\"><\/span><img loading=\"lazy\" decoding=\"async\" width=\"383\" height=\"502\" class=\"wp-block-cover__image-background wp-image-216\" alt=\"\" src=\"http:\/\/www.pizzeriapresto.opole.pl\/wp-content\/uploads\/2022\/08\/Sala2-1.png\" data-object-fit=\"cover\" srcset=\"https:\/\/www.pizzeriapresto.opole.pl\/wp-content\/uploads\/2022\/08\/Sala2-1.png 383w, https:\/\/www.pizzeriapresto.opole.pl\/wp-content\/uploads\/2022\/08\/Sala2-1-229x300.png 229w\" sizes=\"auto, (max-width: 383px) 100vw, 383px\" \/><div class=\"wp-block-cover__inner-container is-layout-flow wp-block-cover-is-layout-flow\"><h2 class=\"has-text-align-left has-text-color has-x-large-font-size wp-block-heading\" style=\"color:#ffffff;line-height:1.3\">Godziny Otwarcia<\/h2>\n\n<div class=\"inherit-container-width wp-block-group is-layout-constrained wp-container-core-group-is-layout-111b2e00 wp-block-group-is-layout-constrained\"><p class=\"has-text-align-left has-text-color has-medium-font-size\" style=\"color:#ffffff;line-height:1\"><strong><em>Codziennie <\/em><\/strong><\/p>\n\n<p class=\"has-text-align-left has-ast-global-color-1-color has-text-color has-large-font-size\" style=\"line-height:1\"><strong><em>od 12:00 do 22:00 <\/em><\/strong><\/p><\/div><\/div><\/div><\/div><\/div><\/div><\/div><div class=\"inherit-container-width wp-block-group alignfull has-white-background-color has-background is-layout-constrained wp-block-group-is-layout-constrained\"><div class=\"wp-block-group is-layout-constrained wp-container-core-group-is-layout-bceee115 wp-block-group-is-layout-constrained\" style=\"padding-top:0px;padding-right:0px;padding-bottom:0px;padding-left:0px\"><figure class=\"wp-block-image aligncenter size-large\"><img decoding=\"async\" src=\"http:\/\/www.pizzeriapresto.opole.pl\/wp-content\/uploads\/2022\/08\/parcelli.png\" alt=\"\" class=\"wp-image-264\"\/><\/figure>\n\n<h2 class=\"has-text-align-center wp-block-heading\" style=\"font-size:52px\">Nasze menu<\/h2>\n\n<p class=\"has-text-align-center has-medium-font-size\">W naszej kuchni bazujemy wy\u0142\u0105cznie na w\u0142asnych przepisach oraz wykorzystujemy naturalne sk\u0142adniki, o najwy\u017cszej jako\u015bci: m\u0105ka z polskich m\u0142yn\u00f3w, prawdziwy \u017c\u00f3\u0142ty ser, czy te\u017c warzywa z polskich upraw.<\/p><\/div>\n\n<div class=\"wp-block-columns is-layout-flex wp-container-core-columns-is-layout-28f84493 wp-block-columns-is-layout-flex\"><div class=\"wp-block-column is-layout-flow wp-block-column-is-layout-flow\"><div class=\"wp-block-cover alignfull\"><span aria-hidden=\"true\" class=\"wp-block-cover__background has-background-dim-60 has-background-dim\"><\/span><img loading=\"lazy\" decoding=\"async\" width=\"380\" height=\"430\" class=\"wp-block-cover__image-background wp-image-221\" alt=\"\" src=\"http:\/\/www.pizzeriapresto.opole.pl\/wp-content\/uploads\/2022\/08\/pizza_menu.png\" data-object-fit=\"cover\" srcset=\"https:\/\/www.pizzeriapresto.opole.pl\/wp-content\/uploads\/2022\/08\/pizza_menu.png 380w, https:\/\/www.pizzeriapresto.opole.pl\/wp-content\/uploads\/2022\/08\/pizza_menu-265x300.png 265w\" sizes=\"auto, (max-width: 380px) 100vw, 380px\" \/><div class=\"wp-block-cover__inner-container is-layout-flow wp-block-cover-is-layout-flow\"><div class=\"inherit-container-width wp-block-group is-layout-constrained wp-container-core-group-is-layout-4270762a wp-block-group-is-layout-constrained\"><h2 class=\"has-text-align-center wp-block-heading\">Pizza<\/h2>\n\n<div class=\"inherit-container-width wp-block-group is-layout-constrained wp-container-core-group-is-layout-63b382b2 wp-block-group-is-layout-constrained\" style=\"padding-top:30px;padding-right:30px;padding-bottom:30px;padding-left:30px\"><figure class=\"wp-block-image aligncenter size-large\"><img decoding=\"async\" src=\"http:\/\/www.pizzeriapresto.opole.pl\/wp-content\/uploads\/2022\/08\/frill-free-img.png\" alt=\"\" class=\"wp-image-4\"\/><\/figure><\/div>\n\n<div class=\"wp-block-buttons is-content-justification-center is-layout-flex wp-container-core-buttons-is-layout-a89b3969 wp-block-buttons-is-layout-flex\"><div class=\"wp-block-button aligncenter has-custom-width wp-block-button__width-50 is-style-fill\"><a class=\"wp-block-button__link\" href=\"http:\/\/www.pizzeriapresto.opole.pl\/index.php\/menu\/\" style=\"border-radius:2px\">Menu<\/a><\/div><\/div><\/div><\/div><\/div><\/div>\n\n<div class=\"wp-block-column is-layout-flow wp-block-column-is-layout-flow\"><div class=\"wp-block-cover alignfull\"><span aria-hidden=\"true\" class=\"wp-block-cover__background has-background-dim-60 has-background-dim\"><\/span><img loading=\"lazy\" decoding=\"async\" width=\"1200\" height=\"1600\" class=\"wp-block-cover__image-background wp-image-745\" alt=\"\" src=\"http:\/\/www.pizzeriapresto.opole.pl\/wp-content\/uploads\/2022\/09\/makaronnew.jpeg\" data-object-fit=\"cover\" srcset=\"https:\/\/www.pizzeriapresto.opole.pl\/wp-content\/uploads\/2022\/09\/makaronnew.jpeg 1200w, https:\/\/www.pizzeriapresto.opole.pl\/wp-content\/uploads\/2022\/09\/makaronnew-225x300.jpeg 225w, https:\/\/www.pizzeriapresto.opole.pl\/wp-content\/uploads\/2022\/09\/makaronnew-768x1024.jpeg 768w, https:\/\/www.pizzeriapresto.opole.pl\/wp-content\/uploads\/2022\/09\/makaronnew-1152x1536.jpeg 1152w, https:\/\/www.pizzeriapresto.opole.pl\/wp-content\/uploads\/2022\/09\/makaronnew-600x800.jpeg 600w\" sizes=\"auto, (max-width: 1200px) 100vw, 1200px\" \/><div class=\"wp-block-cover__inner-container is-layout-flow wp-block-cover-is-layout-flow\"><div class=\"inherit-container-width wp-block-group is-layout-constrained wp-container-core-group-is-layout-4270762a wp-block-group-is-layout-constrained\"><h2 class=\"has-text-align-center wp-block-heading\">Makarony<\/h2>\n\n<div class=\"inherit-container-width wp-block-group is-layout-constrained wp-container-core-group-is-layout-63b382b2 wp-block-group-is-layout-constrained\" style=\"padding-top:30px;padding-right:30px;padding-bottom:30px;padding-left:30px\"><figure class=\"wp-block-image aligncenter size-large\"><img decoding=\"async\" src=\"http:\/\/www.pizzeriapresto.opole.pl\/wp-content\/uploads\/2022\/08\/frill-free-img.png\" alt=\"\" class=\"wp-image-4\"\/><\/figure><\/div>\n\n<div class=\"wp-block-buttons is-content-justification-center is-layout-flex wp-container-core-buttons-is-layout-a89b3969 wp-block-buttons-is-layout-flex\"><div class=\"wp-block-button aligncenter has-custom-width wp-block-button__width-50 is-style-fill\"><a class=\"wp-block-button__link\" href=\"http:\/\/www.pizzeriapresto.opole.pl\/index.php\/menu\/\" style=\"border-radius:2px\">Menu<\/a><\/div><\/div><\/div><\/div><\/div><\/div>\n\n<div class=\"wp-block-column is-layout-flow wp-block-column-is-layout-flow\"><div class=\"wp-block-cover alignfull\"><span aria-hidden=\"true\" class=\"wp-block-cover__background has-background-dim-60 has-background-dim\"><\/span><img loading=\"lazy\" decoding=\"async\" width=\"1078\" height=\"1077\" class=\"wp-block-cover__image-background wp-image-746\" alt=\"\" src=\"http:\/\/www.pizzeriapresto.opole.pl\/wp-content\/uploads\/2022\/09\/salatkanew.jpeg\" data-object-fit=\"cover\" srcset=\"https:\/\/www.pizzeriapresto.opole.pl\/wp-content\/uploads\/2022\/09\/salatkanew.jpeg 1078w, https:\/\/www.pizzeriapresto.opole.pl\/wp-content\/uploads\/2022\/09\/salatkanew-300x300.jpeg 300w, https:\/\/www.pizzeriapresto.opole.pl\/wp-content\/uploads\/2022\/09\/salatkanew-1024x1024.jpeg 1024w, https:\/\/www.pizzeriapresto.opole.pl\/wp-content\/uploads\/2022\/09\/salatkanew-150x150.jpeg 150w, https:\/\/www.pizzeriapresto.opole.pl\/wp-content\/uploads\/2022\/09\/salatkanew-768x767.jpeg 768w, https:\/\/www.pizzeriapresto.opole.pl\/wp-content\/uploads\/2022\/09\/salatkanew-600x599.jpeg 600w, https:\/\/www.pizzeriapresto.opole.pl\/wp-content\/uploads\/2022\/09\/salatkanew-100x100.jpeg 100w\" sizes=\"auto, (max-width: 1078px) 100vw, 1078px\" \/><div class=\"wp-block-cover__inner-container is-layout-flow wp-block-cover-is-layout-flow\"><div class=\"inherit-container-width wp-block-group is-layout-constrained wp-container-core-group-is-layout-4270762a wp-block-group-is-layout-constrained\"><h2 class=\"has-text-align-center wp-block-heading\">Sa\u0142atki<\/h2>\n\n<div class=\"inherit-container-width wp-block-group is-layout-constrained wp-container-core-group-is-layout-63b382b2 wp-block-group-is-layout-constrained\" style=\"padding-top:30px;padding-right:30px;padding-bottom:30px;padding-left:30px\"><figure class=\"wp-block-image aligncenter size-large\"><img decoding=\"async\" src=\"http:\/\/www.pizzeriapresto.opole.pl\/wp-content\/uploads\/2022\/08\/frill-free-img.png\" alt=\"\" class=\"wp-image-4\"\/><\/figure><\/div>\n\n<div class=\"wp-block-buttons is-content-justification-center is-layout-flex wp-container-core-buttons-is-layout-a89b3969 wp-block-buttons-is-layout-flex\"><div class=\"wp-block-button aligncenter has-custom-width wp-block-button__width-50 is-style-fill\"><a class=\"wp-block-button__link\" href=\"https:\/\/www.pizzeriapresto.opole.pl\/index.php\/menu\/#category-salatki\" style=\"border-radius:2px\">Menu<\/a><\/div><\/div><\/div><\/div><\/div><\/div><\/div>\n\n<div class=\"wp-block-columns is-layout-flex wp-container-core-columns-is-layout-28f84493 wp-block-columns-is-layout-flex\"><div class=\"wp-block-column is-layout-flow wp-block-column-is-layout-flow\"><div class=\"wp-block-cover alignfull\"><span aria-hidden=\"true\" class=\"wp-block-cover__background has-background-dim-60 has-background-dim\"><\/span><img loading=\"lazy\" decoding=\"async\" width=\"380\" height=\"430\" class=\"wp-block-cover__image-background wp-image-222\" alt=\"\" src=\"http:\/\/www.pizzeriapresto.opole.pl\/wp-content\/uploads\/2022\/08\/nalesniki_menu.png\" data-object-fit=\"cover\" srcset=\"https:\/\/www.pizzeriapresto.opole.pl\/wp-content\/uploads\/2022\/08\/nalesniki_menu.png 380w, https:\/\/www.pizzeriapresto.opole.pl\/wp-content\/uploads\/2022\/08\/nalesniki_menu-265x300.png 265w\" sizes=\"auto, (max-width: 380px) 100vw, 380px\" \/><div class=\"wp-block-cover__inner-container is-layout-flow wp-block-cover-is-layout-flow\"><div class=\"inherit-container-width wp-block-group is-layout-constrained wp-container-core-group-is-layout-4270762a wp-block-group-is-layout-constrained\"><h2 class=\"has-text-align-center wp-block-heading\">Nale\u015bniki<\/h2>\n\n<div class=\"inherit-container-width wp-block-group is-layout-constrained wp-container-core-group-is-layout-63b382b2 wp-block-group-is-layout-constrained\" style=\"padding-top:30px;padding-right:30px;padding-bottom:30px;padding-left:30px\"><figure class=\"wp-block-image aligncenter size-large\"><img decoding=\"async\" src=\"http:\/\/www.pizzeriapresto.opole.pl\/wp-content\/uploads\/2022\/08\/frill-free-img.png\" alt=\"\" class=\"wp-image-4\"\/><\/figure><\/div>\n\n<div class=\"wp-block-buttons is-content-justification-center is-layout-flex wp-container-core-buttons-is-layout-a89b3969 wp-block-buttons-is-layout-flex\"><div class=\"wp-block-button aligncenter has-custom-width wp-block-button__width-50 is-style-fill\"><a class=\"wp-block-button__link\" href=\"http:\/\/www.pizzeriapresto.opole.pl\/index.php\/menu\/\" style=\"border-radius:2px\">Menu<\/a><\/div><\/div><\/div><\/div><\/div><\/div>\n\n<div class=\"wp-block-column is-layout-flow wp-block-column-is-layout-flow\"><div class=\"wp-block-cover alignfull\"><span aria-hidden=\"true\" class=\"wp-block-cover__background has-background-dim-60 has-background-dim\"><\/span><img loading=\"lazy\" decoding=\"async\" width=\"380\" height=\"430\" class=\"wp-block-cover__image-background wp-image-219\" alt=\"\" src=\"http:\/\/www.pizzeriapresto.opole.pl\/wp-content\/uploads\/2022\/08\/gyros_menu.png\" data-object-fit=\"cover\" srcset=\"https:\/\/www.pizzeriapresto.opole.pl\/wp-content\/uploads\/2022\/08\/gyros_menu.png 380w, https:\/\/www.pizzeriapresto.opole.pl\/wp-content\/uploads\/2022\/08\/gyros_menu-265x300.png 265w\" sizes=\"auto, (max-width: 380px) 100vw, 380px\" \/><div class=\"wp-block-cover__inner-container is-layout-flow wp-block-cover-is-layout-flow\"><div class=\"inherit-container-width wp-block-group is-layout-constrained wp-container-core-group-is-layout-4270762a wp-block-group-is-layout-constrained\"><h2 class=\"has-text-align-center wp-block-heading\">Gyros<\/h2>\n\n<div class=\"inherit-container-width wp-block-group is-layout-constrained wp-container-core-group-is-layout-63b382b2 wp-block-group-is-layout-constrained\" style=\"padding-top:30px;padding-right:30px;padding-bottom:30px;padding-left:30px\"><figure class=\"wp-block-image aligncenter size-large\"><img decoding=\"async\" src=\"http:\/\/www.pizzeriapresto.opole.pl\/wp-content\/uploads\/2022\/08\/frill-free-img.png\" alt=\"\" class=\"wp-image-4\"\/><\/figure><\/div>\n\n<div class=\"wp-block-buttons is-content-justification-center is-layout-flex wp-container-core-buttons-is-layout-a89b3969 wp-block-buttons-is-layout-flex\"><div class=\"wp-block-button aligncenter has-custom-width wp-block-button__width-50 is-style-fill\"><a class=\"wp-block-button__link\" href=\"http:\/\/www.pizzeriapresto.opole.pl\/index.php\/menu\/\" style=\"border-radius:2px\">Menu<\/a><\/div><\/div><\/div><\/div><\/div><\/div>\n\n<div class=\"wp-block-column is-layout-flow wp-block-column-is-layout-flow\"><div class=\"wp-block-cover alignfull has-custom-content-position is-position-top-center\" style=\"padding-top:10%;padding-right:5%;padding-bottom:10%;padding-left:5%\"><span aria-hidden=\"true\" class=\"wp-block-cover__background has-ast-global-color-6-background-color has-background-dim-60 has-background-dim\"><\/span><img loading=\"lazy\" decoding=\"async\" width=\"380\" height=\"430\" class=\"wp-block-cover__image-background wp-image-286\" alt=\"\" src=\"http:\/\/www.pizzeriapresto.opole.pl\/wp-content\/uploads\/2022\/08\/dostawa_bg.png\" data-object-fit=\"cover\" srcset=\"https:\/\/www.pizzeriapresto.opole.pl\/wp-content\/uploads\/2022\/08\/dostawa_bg.png 380w, https:\/\/www.pizzeriapresto.opole.pl\/wp-content\/uploads\/2022\/08\/dostawa_bg-265x300.png 265w\" sizes=\"auto, (max-width: 380px) 100vw, 380px\" \/><div class=\"wp-block-cover__inner-container is-layout-flow wp-block-cover-is-layout-flow\"><h3 class=\"has-text-align-left has-ast-global-color-8-color has-text-color has-x-large-font-size wp-block-heading\">Dostawa w godzinach:<\/h3>\n\n<p class=\"has-ast-global-color-8-color has-text-color has-medium-font-size\"><strong><em>Od 12:00 do 22:00<\/em><\/strong><\/p><\/div><\/div><\/div><\/div><\/div><div class=\"wp-block-group alignfull has-ast-global-color-4-background-color has-background is-layout-constrained wp-container-core-group-is-layout-73c07e67 wp-block-group-is-layout-constrained\"><div class=\"wp-block-columns alignwide is-layout-flex wp-container-core-columns-is-layout-28f84493 wp-block-columns-is-layout-flex\"><div class=\"wp-block-column is-vertically-aligned-top is-layout-flow wp-block-column-is-layout-flow\"><figure class=\"wp-block-image size-large\"><img decoding=\"async\" src=\"http:\/\/www.pizzeriapresto.opole.pl\/wp-content\/uploads\/2022\/08\/parcelli.png\" alt=\"\" class=\"wp-image-264\"\/><\/figure>\n\n<h3 class=\"wp-block-heading\" style=\"font-size:3em;line-height:1\">Z mi\u0142\u0105 ch\u0119ci\u0105 ugo\u015bcimy Pa\u0144stwa r\u00f3wnie\u017c w naszym przytulnym lokalu. <\/h3>\n\n<p class=\"has-medium-font-size\">Gdzie na pewno mi\u0142o sp\u0119dzicie czas ze swoimi bliskimi.<\/p>\n\n<p><em><strong>Pizzeria Presto<\/strong><br>ul. Joachima Lelewela 4<br>45-837 Opole<\/em><\/p><\/div>\n\n<div class=\"wp-block-column is-vertically-aligned-center is-layout-flow wp-block-column-is-layout-flow\"><div \n\t\t\tclass=\"wp-block-uagb-google-map uagb-google-map__wrap uagb-block-06a9e657     \"\n\t\t\tstyle=\"\" >\n\t\t\t\t<embed\n\t\t\t\t\tclass=\"uagb-google-map__iframe\"\n\t\t\t\t\ttitle=\"Google Map for \"\n\t\t\t\t\tsrc=\"https:\/\/maps.google.com\/maps?q=Opole%20ul.%20Lelewela%204&#038;z=13&#038;hl=pl&#038;t=m&#038;output=embed&#038;iwloc=near\"\n\t\t\t\t\twidth=\"640\"\n\t\t\t\t\theight=\"400\"\n\t\t\t\t\tloading=\"lazy\"\n\t\t\t\t><\/embed>\n\t\t\t<\/div><\/div><\/div><\/div><p><\/p>","protected":false},"excerpt":{"rendered":"<p>Nasze menu W naszej kuchni bazujemy wy\u0142\u0105cznie na w\u0142asnych przepisach oraz wykorzystujemy naturalne sk\u0142adniki, o najwy\u017cszej jako\u015bci: m\u0105ka z polskich m\u0142yn\u00f3w, prawdziwy \u017c\u00f3\u0142ty ser, czy te\u017c warzywa z polskich upraw. Z mi\u0142\u0105 ch\u0119ci\u0105 ugo\u015bcimy Pa\u0144stwa r\u00f3wnie\u017c w naszym przytulnym lokalu. Gdzie na pewno mi\u0142o sp\u0119dzicie czas ze swoimi bliskimi. Pizzeria Prestoul. Joachima Lelewela 445-837 Opole<\/p>\n","protected":false},"author":1,"featured_media":0,"parent":0,"menu_order":0,"comment_status":"closed","ping_status":"closed","template":"","meta":{"_uag_custom_page_level_css":"","site-sidebar-layout":"default","site-content-layout":"plain-container","ast-site-content-layout":"","site-content-style":"default","site-sidebar-style":"default","ast-global-header-display":"","ast-banner-title-visibility":"","ast-main-header-display":"","ast-hfb-above-header-display":"","ast-hfb-below-header-display":"","ast-hfb-mobile-header-display":"","site-post-title":"disabled","ast-breadcrumbs-content":"","ast-featured-img":"","footer-sml-layout":"","theme-transparent-header-meta":"","adv-header-id-meta":"","stick-header-meta":"","header-above-stick-meta":"","header-main-stick-meta":"","header-below-stick-meta":"","astra-migrate-meta-layouts":"default","ast-page-background-enabled":"default","ast-page-background-meta":{"desktop":{"background-color":"var(--ast-global-color-4)","background-image":"","background-repeat":"repeat","background-position":"center center","background-size":"auto","background-attachment":"scroll","background-type":"","background-media":"","overlay-type":"","overlay-color":"","overlay-opacity":"","overlay-gradient":""},"tablet":{"background-color":"","background-image":"","background-repeat":"repeat","background-position":"center center","background-size":"auto","background-attachment":"scroll","background-type":"","background-media":"","overlay-type":"","overlay-color":"","overlay-opacity":"","overlay-gradient":""},"mobile":{"background-color":"","background-image":"","background-repeat":"repeat","background-position":"center center","background-size":"auto","background-attachment":"scroll","background-type":"","background-media":"","overlay-type":"","overlay-color":"","overlay-opacity":"","overlay-gradient":""}},"ast-content-background-meta":{"desktop":{"background-color":"var(--ast-global-color-5)","background-image":"","background-repeat":"repeat","background-position":"center center","background-size":"auto","background-attachment":"scroll","background-type":"","background-media":"","overlay-type":"","overlay-color":"","overlay-opacity":"","overlay-gradient":""},"tablet":{"background-color":"var(--ast-global-color-5)","background-image":"","background-repeat":"repeat","background-position":"center center","background-size":"auto","background-attachment":"scroll","background-type":"","background-media":"","overlay-type":"","overlay-color":"","overlay-opacity":"","overlay-gradient":""},"mobile":{"background-color":"var(--ast-global-color-5)","background-image":"","background-repeat":"repeat","background-position":"center center","background-size":"auto","background-attachment":"scroll","background-type":"","background-media":"","overlay-type":"","overlay-color":"","overlay-opacity":"","overlay-gradient":""}},"footnotes":""},"class_list":["post-5","page","type-page","status-publish","hentry"],"uagb_featured_image_src":{"full":false,"thumbnail":false,"medium":false,"medium_large":false,"large":false,"1536x1536":false,"2048x2048":false,"woocommerce_thumbnail":false,"woocommerce_single":false,"woocommerce_gallery_thumbnail":false},"uagb_author_info":{"display_name":"Admin","author_link":"https:\/\/www.pizzeriapresto.opole.pl\/index.php\/author\/presto\/"},"uagb_comment_info":0,"uagb_excerpt":"Nasze menu W naszej kuchni bazujemy wy\u0142\u0105cznie na w\u0142asnych przepisach oraz wykorzystujemy naturalne sk\u0142adniki, o najwy\u017cszej jako\u015bci: m\u0105ka z polskich m\u0142yn\u00f3w, prawdziwy \u017c\u00f3\u0142ty ser, czy te\u017c warzywa z polskich upraw. Z mi\u0142\u0105 ch\u0119ci\u0105 ugo\u015bcimy Pa\u0144stwa r\u00f3wnie\u017c w naszym przytulnym lokalu. Gdzie na pewno mi\u0142o sp\u0119dzicie czas ze swoimi bliskimi. Pizzeria Prestoul. Joachima Lelewela 445-837 Opole","_links":{"self":[{"href":"https:\/\/www.pizzeriapresto.opole.pl\/index.php\/wp-json\/wp\/v2\/pages\/5","targetHints":{"allow":["GET"]}}],"collection":[{"href":"https:\/\/www.pizzeriapresto.opole.pl\/index.php\/wp-json\/wp\/v2\/pages"}],"about":[{"href":"https:\/\/www.pizzeriapresto.opole.pl\/index.php\/wp-json\/wp\/v2\/types\/page"}],"author":[{"embeddable":true,"href":"https:\/\/www.pizzeriapresto.opole.pl\/index.php\/wp-json\/wp\/v2\/users\/1"}],"replies":[{"embeddable":true,"href":"https:\/\/www.pizzeriapresto.opole.pl\/index.php\/wp-json\/wp\/v2\/comments?post=5"}],"version-history":[{"count":79,"href":"https:\/\/www.pizzeriapresto.opole.pl\/index.php\/wp-json\/wp\/v2\/pages\/5\/revisions"}],"predecessor-version":[{"id":795,"href":"https:\/\/www.pizzeriapresto.opole.pl\/index.php\/wp-json\/wp\/v2\/pages\/5\/revisions\/795"}],"wp:attachment":[{"href":"https:\/\/www.pizzeriapresto.opole.pl\/index.php\/wp-json\/wp\/v2\/media?parent=5"}],"curies":[{"name":"wp","href":"https:\/\/api.w.org\/{rel}","templated":true}]}}